140621 is divided by 1145.
1136
Calculate the remainder when 219278 is divided by 218752.
526
Calculate the remainder when 1040259 is divided by 613.
611
What is the remainder when 2935539 is divided by 326171?
0
What is the remainder when 271980 is divided by 6637?
6500
Calculate the remainder when 282253 is divided by 282076.
177
What is the remainder when 112882508 is divided by 56441253?
2
Calculate the remainder when 2544408 is divided by 408.
120
What is the remainder when 82084241 is divided by 293?
291
What is the remainder when 106316831 is divided by 26?
23
What is the remainder when 81316595 is divided by 6255122?
9
What is the remainder when 9837536 is divided by 129?
125
What is the remainder when 27499294 is divided by 4583214?
10
Calculate the remainder when 99487949 is divided by 10745.
10739
Calculate the remainder when 1142647 is divided by 9766.
25
What is the remainder when 3476604 is divided by 4?
0
What is the remainder when 496422 is divided by 3554?
2416
What is the remainder when 80076 is divided by 79164?
912
Calculate the remainder when 161376547 is divided by 2606.
2603
What is the remainder when 15379513 is divided by 5126503?
4
What is the remainder when 26565314 is divided by 18?
14
What is the remainder when 251762 is divided by 12?
2
Calculate the remainder when 10088781 is divided by 77606.
1
What is the remainder when 86011 is divided by 13368?
5803
Calculate the remainder when 109018 is divided by 158.
156
Calculate the remainder when 1039470 is divided by 14.
12
Calculate the remainder when 2456219 is divided by 2166.
2141
What is the remainder when 796952 is divided by 305?
292
Calculate the remainder when 2071101 is divided by 1214.
17
Calculate the remainder when 281432 is divided by 4937.
23
What is the remainder when 25950469 is divided by 12975226?
17
What is the remainder when 1983206 is divided by 23060?
46
What is the remainder when 1106500 is divided by 2616?
2548
Calculate the remainder when 511984 is divided by 1258.
1236
Calculate the remainder when 432563 is divided by 18.
5
What is the remainder when 5646874 is divided by 106544?
42
Calculate the remainder when 1216797 is divided by 10.
7
What is the remainder when 109205245 is divided by 34?
33
Calculate the remainder when 7090158 is divided by 925.
33
Calculate the remainder when 28122903 is divided by 5570.
5543
What is the remainder when 840452474 is divided by 25?
24
What is the remainder when 1215300 is divided by 1258?
72
What is the remainder when 9369672 is divided by 62?
46
Calculate the remainder when 8688964 is divided by 246.
244
Calculate the remainder when 28968 is divided by 201.
24
Calculate the remainder when 4007208 is divided by 238.
2
Calculate the remainder when 1804451 is divided by 203.
187
Calculate the remainder when 37357 is divided by 11422.
3091
Calculate the remainder when 126731 is divided by 18090.
101
Calculate the remainder when 2556838 is divided by 6001.
412
What is the remainder when 89316 is divided by 1592?
164
What is the remainder when 109862 is divided by 2613?
116
What is the remainder when 9968 is divided by 456?
392
Calculate the remainder when 168766 is divided by 56226.
88
Calculate the remainder when 727432 is divided by 109.
75
Calculate the remainder when 1438475 is divided by 2094.
1991
What is the remainder when 282039 is divided by 18776?
399
Calculate the remainder when 2196849 is divided by 2777.
242
What is the remainder when 501885 is divided by 501401?
484
What is the remainder when 1941087 is divided by 62611?
146
What is the remainder when 25252665 is divided by 8417553?
6
What is the remainder when 2041366 is divided by 1020468?
430
Calculate the remainder when 1452500 is divided by 421.
50
Calculate the remainder when 544020 is divided by 6259.
5746
Calculate the remainder when 23682321 is divided by 5920501.
317
Calculate the remainder when 1455198 is divided by 485058.
24
What is the remainder when 776800 is divided by 388396?
8
Calculate the remainder when 101201 is divided by 50130.
941
What is the remainder when 814195 is divided by 271140?
775
What is the remainder when 1117342 is divided by 372196?
754
What is the remainder when 2080492 is divided by 1939?
1884
What is the remainder when 86722888 is divided by 6?
4
Calculate the remainder when 135756 is divided by 5022.
162
What is the remainder when 333121 is divided by 83134?
585
Calculate the remainder when 1024019 is divided by 530.
59
Calculate the remainder when 987929 is divided by 23513.
383
What is the remainder when 45624156 is divided by 79?
76
Calculate the remainder when 123187 is divided by 40963.
298
What is the remainder when 60973 is divided by 753?
733
What is the remainder when 409605 is divided by 48?
21
Calculate the remainder when 202502 is divided by 101197.
108
What is the remainder when 456643 is divided by 7?
5
What is the remainder when 31925152 is divided by 222?
220
What is the remainder when 225184886 is divided by 4?
2
What is the remainder when 2045127 is divided by 681709?
0
What is the remainder when 12558718 is divided by 56?
46
Calculate the remainder when 233127892 is divided by 35.
32
What is the remainder when 125048 is divided by 62187?
674
Calculate the remainder when 11533766 is divided by 648.
14
What is the remainder when 208906 is divided by 41745?
181
What is the remainder when 23361 is divided by 7643?
432
What is the remainder when 113155214 is divided by 297?
293
What is the remainder when 299134 is divided by 23008?
30
Calculate the remainder when 5812381 is divided by 82.
57
What is the remainder when 141855 is divided by 579?
0
What is the remainder when 6535885 is divided by 2994?
2977
Calculate the remainder when 94191 is divided by 125.
66
What is the remainder when 257359 is divided by 31566?
4831
Calculate the remainder when 617494 is divided by 205773.
175
What is the remainder when 48218 is divided by 9610?
168
Calculate the remainder when 17518865 is divided by 1751886.
5
Calculate the remainder when 1638084 is divided by 1507.
1482
Calculate the remainder when 3756139 is divided by 84.
79
Calculate the remainder when 73940 is divided by 70772.
3168
What is the remainder when 2433037 is divided by 105784?
5
Calculate the remainder when 4903338 is divided by 2378.
2280
What is the remainder when 1628947 is divided by 3200?
147
Calculate the remainder when 1891186 is divided by 4468.
1222
What is the remainder when 836416639 is divided by 16?
15
What is the remainder when 1831301 is divided by 915648?
5
What is the remainder when 1050531 is divided by 477?
177
Calculate the remainder when 215476 is divided by 1146.
28
Calculate the remainder when 2146250 is divided by 96.
74
What is the remainder when 83038 is divided by 10207?
1382
Calculate the remainder when 602362 is divided by 152.
138
Calculate the remainder when 315702 is divided by 47.
3
Calculate the remainder when 668748 is divided by 222905.
33
Calculate the remainder when 22888870 is divided by 59.
56
Calculate the remainder when 8396381 is divided by 583.
15
Calculate the remainder when 6390610 is divided by 2114.
2102
What is the remainder when 118702092 is divided by 14?
12
What is the remainder when 7957939 is divided by 88?
11
Calculate the remainder when 6927994 is divided by 6963.
6772
Calculate the remainder when 73712 is divided by 10476.
380
What is the remainder when 15592549 is divided by 15592489?
60
Calculate the remainder when 187361 is divided by 62088.
1097
What is the remainder when 474917 is divided by 136?
5
What is the remainder when 8330781 is divided by 1418?
31
Calculate the remainder when 348440 is divided by 97.
16
Calculate the remainder when 399938 is divided by 278.
174
What is the remainder when 5325128 is divided by 521?
508
Calculate the remainder when 199547 is divided by 161.
68
What is the remainder when 1254178 is divided by 25595?
23
Calculate the remainder when 62899 is divided by 6276.
139
Calculate the remainder when 40945 is divided by 5758.
639
What is the remainder when 426306455 is divided by 1285?
1280
Calculate the remainder when 1144933 is divided by 7951.
7940
What is the remainder when 14820022 is divided by 419?
411
What is the remainder when 192763380